d + 17 = 3*d, -19 = b - 4*d. Let i = 19 + b. What are the prime factors of i?
2
Suppose -25 = -y + 14. What are the prime factors of y?
3, 13
Suppose 7*u + 729 = 4*r + 4*u, -4*r + u = -739. List the prime factors of r.
2, 3, 31
List the prime factors of 9/(-9) - -34*2.
67
Let w(y) = 2*y**2 - 3*y - 1. Suppose 2*v = -1 - 3. Let l be w(v). Let z = l - 6. What are the prime factors of z?
7
Let m be 66/9 + (-2)/6. Suppose 3*k + 0*a - a - 13 = 0, m = k - 3*a. What are the prime factors of k?
2
Let a(x) = -x**3 - 9*x**2 + 8. Let d be a(-9). List the prime factors of ((-7)/(-1))/(4/d).
2, 7
Let k(v) = -v**3 - v + 1. Let r be k(0). What are the prime factors of (-5)/((r - 3)/2)?
5
Suppose 2*i + 0*i = 4. Suppose -3*z - i*r + 10 = 0, 3*z + 3*r = 8*r - 4. List the prime factors of z.
2
Let s be (-4)/(-6) - (-10)/3. Suppose 6*u = s*u + 4. Suppose 0 = -q + v + 17, 5*v + 34 + 0 = u*q. List the prime factors of q.
17
What are the prime factors of 128/(-48)*(-1*19 + -2)?
2, 7
Suppose 2*d - d = 4. What are the prime factors of 4/(-16) + 29/d?
7
Let d = 143 + -74. What are the prime factors of d?
3, 23
Suppose -c - 1 + 19 = 0. What are the prime factors of c/(-63) - (-149)/7?
3, 7
Let c be 6/10*(-15)/(-3). Let g = 1 + c. Suppose g*l = 5*p - 14 - 6, -49 = -3*p - 5*l. List the prime factors of p.
2
Let h(s) = 17*s**2 + 2*s + 1. Let g be h(2). Suppose -3*k + g = b, 3*k - 2*b + b = 83. What are the prime factors of k?
2, 13
Suppose w - 2*x - 93 = 0, -3*w + 0*w - x + 286 = 0. What are the prime factors of w?
5, 19
Suppose 29*w + 103 = 30*w. List the prime factors of w.
103
Let l = 14 + -9. Let j(i) = 5 - 1 + i + 0. List the prime factors of j(l).
3
Let u(y) = y**3 - 7*y**2 - 13*y - 2. Let b(a) = a**3 - 7*a**2 - 14*a - 1. Let p(g) = 4*b(g) - 5*u(g). What are the prime factors of p(8)?
2, 7
Let w = 138 + -94. What are the prime factors of w?
2, 11
Let z(s) = s + 1. Let h be ((-8)/5)/((-2)/5). Let d be z(h). Suppose 5*i - d*m = 15, i + 3*m = -0*i + 15. What are the prime factors of i?
2, 3
Let f = 110 - 27. What are the prime factors of f?
83
Let b(u) = -10*u - 7. Let g be -2*1 + (-4)/4. List the prime factors of b(g).
23
Let p(a) = a**3 - 8*a**2 - 9*a - 4. Let w = -8 + 17. Let c be p(w). Let j = 0 - c. List the prime factors of j.
2
Let u = 9 + -7. Let w(o) = -2*o**u - o**3 + 3*o**2 - 9 - 3*o - 6*o**2 - o**2. List the prime factors of w(-6).
3
Suppose -2*f + 5*f = -2*c + 65, 2*f + 4*c - 30 = 0. List the prime factors of f.
5
Let n(g) = -4*g + 11. What are the prime factors of n(-5)?
31
Suppose 19 = 3*i + p, -3*i + 3*p + 0*p + 39 = 0. List the prime factors of i.
2
Let f = -12 + 17. Suppose 20 = 3*c + f. Suppose 15 = g - 4*o + 3*o, o - c = -g. List the prime factors of g.
2, 5
Let q be ((-3)/(-2))/(3/(-6)). Let j(m) = 2*m**2 + m - 4. List the prime factors of j(q).
11
Let g(a) be the first derivative of -a**3/3 + 6*a**2 + 10*a - 6. List the prime factors of g(7).
3, 5
Suppose -w + 3*a - 2*a = -11, -2*a - 38 = -3*w. Suppose 0*k - w = -2*k. List the prime factors of k.
2
Suppose 4*h - 6 = h - 3*o, -2*o = -3*h + 16. Suppose -2*f + f = 4*l - 192, -240 = -5*l + 5*f. Suppose -l = -4*t - h. List the prime factors of t.
11
Let r = -23 - -49. What are the prime factors of (-3)/(-6) + r/4?
7
Let i(r) = r**2 + 9*r + 1. Let c be i(-9). Let b = 2 - c. Let z(m) = 4*m**3 + 2*m**2 - 1. What are the prime factors of z(b)?
5
Let c(h) = -6*h + 6*h - h**2 + 4*h**2 - 3. Let j be c(4). Let p = j + -32. What are the prime factors of p?
13
Suppose 0 = 5*x - 45. Let u(l) = l**3 - 10*l**2 + 11*l - 7. What are the prime factors of u(x)?
11
Suppose 0 = -3*b - 7 - 11. Let p(t) = -5*t + 6. Let f be p(b). Suppose 0 = i - 4*i + f. List the prime factors of i.
2, 3
Let z(h) = h**2 - 8*h + 4. Let w be z(8). Let j(g) = 2*g - 4. Let v be j(w). Suppose v*o + 8 = 8*o. What are the prime factors of o?
2
List the prime factors of 127/(-5 + 3 + 3).
127
Suppose 0 = -l - 2 + 14. Suppose 6*w - 2*w - l = 0. List the prime factors of w.
3
Let r(i) = i**3 + 10*i**2 - 7*i - 15. List the prime factors of r(-10).
5, 11
Let d(t) = -t - 5 + 10 + 10. List the prime factors of d(0).
3, 5
Let x(d) = 32*d**2 - d - 3. List the prime factors of x(2).
3, 41
Let k(a) = a**2 - 7*a + 3. Let q be k(7). What are the prime factors of q/(-1 + 0) - -12?
3
Suppose 15 = 2*a + c + 1, -26 = -2*a - 4*c. Let h = a - 2. Let b = 19 - h. List the prime factors of b.
2
Let t(w) = -2*w - 4. Let b be t(-5). Let h = b + -4. What are the prime factors of h?
2
Let r(c) = -5*c**3 + 26*c**2 - 10*c + 11. Let f(i) = -3*i**3 + 17*i**2 - 7*i + 7. Let v(y) = -8*f(y) + 5*r(y). What are the prime factors of v(-7)?
2, 3
Suppose 4*y + 3*r + 0*r - 56 = 0, -5*y - 4*r + 70 = 0. Suppose 4*i + w = -4*w + 37, -2*i = -2*w - y. What are the prime factors of i?
2
What are the prime factors of -1*(16/(-4) + -195)?
199
Let l be 155/(-20) - 1/4. Let y = 16 + l. What are the prime factors of y?
2
Let h = -9 - -5. Suppose -4*u + z = -53, 5*z = -4*u + u + 11. Let n = h + u. List the prime factors of n.
2
What are the prime factors of 630/20 + 1/(-2)?
31
Let w(n) = n + 21. What are the prime factors of w(-7)?
2, 7
Suppose -6*r = -8*r + 108. List the prime factors of r.
2, 3
What are the prime factors of 23/69 - (-1804)/6?
7, 43
Let v(d) = -3*d - 4. Let o be -7 - 1/(-2)*2. List the prime factors of v(o).
2, 7
Let y(k) = k**3 + 11*k**2 - 13*k - 4. Let d be y(-12). What are the prime factors of 135/18*d/10?
2, 3
Let p = -184 - -258. Suppose v + h - 18 = -0*h, 5*v = -h + p. List the prime factors of v.
2, 7
Let o(x) be the second derivative of x**3/6 - 3*x**2/2 + x. Let l be o(2). What are the prime factors of (l - 3)/(16/(-56))?
2, 7
Suppose 56 = 5*b - 69. Suppose -3*z = 2*z - b. What are the prime factors of z?
5
Suppose 2*k + 904 = 3*x - x, -1354 = -3*x + 5*k. What are the prime factors of x?
3, 151
Suppose 5*a + 5*w - 3*w = 0, -2*a - 2*w - 6 = 0. Suppose 2*h = -5*y - 27, -h + a*y + 11 = 2. Let x(l) = -6*l - 1. List the prime factors of x(h).
5
Let z(k) = k**3 + 10*k**2 - 7*k - 6. Let q be z(-11). Let c = -22 - q. List the prime factors of c.
2, 7
Let y be (-23)/(-7) + 8/(-28). What are the prime factors of y/18*-4*-36?
2, 3
Let n = -5 - 3. Let j(o) = o**3 + 9*o**2 + 5*o - 4. List the prime factors of j(n).
2, 5
Suppose -2*b + 111 = 85. What are the prime factors of b?
13
Let t(b) = 2*b - 4. Let d be t(3). Let g = d - 3. Let w = g + 3. List the prime factors of w.
2
Let s(m) = 2*m**2 + m. Let f(c) = c**3 + 3*c**2 - c + 3. Let q be f(-3). Suppose 0 = -d + 5*j + 8, -5*d + 5*j - 3*j = q. What are the prime factors of s(d)?
2, 3
Let o be (-1)/2 - (-28)/8. Suppose 5*g - o*g - 3*z - 5 = 0, 2*g - z + 1 = 0. Let r(a) = -2*a**3 + 2*a**2 + 2*a. List the prime factors of r(g).
2, 5
Suppose -d - 5 = -4*m, -2*d = d - 9. List the prime factors of ((-3)/(-2))/(1/m).
3
Let w(c) = -10*c + 25. What are the prime factors of w(-7)?
5, 19
Let y(r) be the first derivative of -r**2 - 4*r - 3. What are the prime factors of y(-6)?
2
Let a(v) = -3*v + 2. Let k be a(-2). Suppose 4*w = -0*w + k. Let d = w + 2. List the prime factors of d.
2
Suppose 35 = o - 18. What are the prime factors of o?
53
Let o(c) = c - 3. Let g be 6/3 + 1*5. Let u be o(g). List the prime factors of (-2)/4 + 10/u.
2
Let t = -11 - -5. Let h = -1 - t. What are the prime factors of h?
5
Suppose 0 = n + 7 + 20. Let h = n - -56. What are the prime factors of h?
29
List the prime factors of (-2)/(-7) + 729/21.
5, 7
Suppose -q - 3*q + 16 = 0. Let s(r) = r**3 - 2*r**2 - 5*r + 1. List the prime factors of s(q).
13
Let w(c) = 6*c - 2. List the prime factors of w(2).
2, 5
Suppose 5*r = r + w + 18, 4*r = -3*w + 10. Suppose -2*f - 4 = -r*f. What are the prime factors of f?
2
Let a(t) = -t**3 - 3*t**2 + 8*t - 6. List the prime factors of a(-5).
2
List the prime factors of (-2)/5 + (-6279)/(-35).
179
What are the prime factors of (-196)/(-4) + 3/3?
2, 5
Suppose -4*q = 3*l + 10, -l - 5*q = 2*l + 11. List the prime factors of (3/(-9))/(l/60).
2, 5
Let a(h) = 3*h**2 + 21. List the prime factors of a(7).
2, 3, 7
List the prime factors of (-84)/(-5) + (-3)/(-15).
17
Let p(x) = 2*x**2 - x. Let q be p(1). Let w = -1 + q. Suppose 4*r - 5*i - 45 = w, -i + 15 = 5*r - 5. What are the prime factors of r?
5
Suppose 4*m + f - 22 = 150, -3*f + 54 = m. Lis